{"id":37,"date":"2022-02-15T10:33:47","date_gmt":"2022-02-15T10:33:47","guid":{"rendered":"https:\/\/neu.xn--schreinerei-wrmseher-1ec.de\/wordpress\/?page_id=37"},"modified":"2025-03-20T14:31:10","modified_gmt":"2025-03-20T14:31:10","slug":"impressum","status":"publish","type":"page","link":"https:\/\/schreinerei-wuermseher.de\/?page_id=37","title":{"rendered":"impressum"},"content":{"rendered":"\n<div id=\"section-geb52af\" class=\"wp-block-gutentor-e1 section-geb52af gutentor-element gutentor-element-advanced-text\"><div class=\"gutentor-text-wrap\"><p class=\"gutentor-text\"><strong>Postanschrift :<\/strong>&nbsp;<br>Schreinerei W\u00fcrmseher<br>Stefanweg 1&nbsp;<br>86647 Buttenwiesen\/Pfaffenhofen<br><br><strong>Telefon :<\/strong>&nbsp;+49 (0) 8274 -92 89 69 3&nbsp;<br><strong>Telefax :<\/strong>&nbsp;+49 (0) 8274 -9 28 61 7<br><strong>E-Mail :<\/strong>&nbsp;info(at)schreinerei-wuermseher.de<br>Internet: www.schreinerei-wuermseher.de<br>&nbsp;<br>Gesch\u00e4ftsf\u00fchrer: Georg W\u00fcrmseher<br>USt. ID. DE 212000318<br><br>DV- Verantwortlicher f\u00fcr diese Internetseite : Georg W\u00fcrmseher<br>&nbsp;<br>Hinweis auf externe Links<br><br>Haftungsausschluss nach \u00a75 TDG<br><br><strong>1. Inhalt des Onlineangebotes<\/strong>&nbsp;<br><br>Der Autor \u00fcbernimmt keinerlei Gew\u00e4hr f\u00fcr die Aktualit\u00e4t, Korrektheit, Vollst\u00e4ndigkeit oder Qualit\u00e4t der bereitgestellten Informationen. Haftungsanspr\u00fcche gegen den Autor, welche sich auf Sch\u00e4den materieller oder ideeller Art beziehen, die durch die Nutzung oder Nichtnutzung der dargebotenen Informationen bzw. durch die Nutzung fehlerhafter und unvollst\u00e4ndiger Informationen verursacht wurden sind grunds\u00e4tzlich ausgeschlossen, sofern seitens des Autors kein nachweislich vors\u00e4tzliches oder grob fahrl\u00e4ssiges Verschulden vorliegt.&nbsp;<br>Alle Angebote sind freibleibend und unverbindlich. Der Autor beh\u00e4lt es sich ausdr\u00fccklich vor, Teile der Seiten oder das gesamte Angebot ohne gesonderte Ank\u00fcndigung zu ver\u00e4ndern, zu erg\u00e4nzen, zu l\u00f6schen oder die Ver\u00f6ffentlichung zeitweise oder endg\u00fcltig einzustellen.&nbsp;<br><br><strong>2. Verweise und Links<\/strong>&nbsp;<br><br>Bei direkten oder indirekten Verweisen auf fremde Internetseiten (&#8222;Links&#8220;), die au\u00dferhalb des Verantwortungsbereiches des Autors liegen, w\u00fcrde eine Haftungsverpflichtung ausschlie\u00dflich in dem Fall in Kraft treten, in dem der Autor von den Inhalten Kenntnis hat und es ihm technisch m\u00f6glich und zumutbar w\u00e4re, die Nutzung im Falle rechtswidriger Inhalte zu verhindern.&nbsp;<br>Der Autor erkl\u00e4rt daher ausdr\u00fccklich, dass zum Zeitpunkt der Linksetzung die entsprechenden verlinkten Seiten frei von illegalen Inhalten waren. Der Autor hat keinerlei Einfluss auf die aktuelle und zuk\u00fcnftige Gestaltung und auf die Inhalte der gelinkten\/verkn\u00fcpften Seiten. Deshalb distanziert er sich hiermit ausdr\u00fccklich von allen Inhalten aller gelinkten \/verkn\u00fcpften Seiten, die nach der Linksetzung ver\u00e4ndert wurden. Diese Feststellung gilt f\u00fcr alle innerhalb des eigenen Internetangebotes gesetzten Links und Verweise sowie f\u00fcr Fremdeintr\u00e4ge in vom Autor eingerichteten G\u00e4steb\u00fcchern, Diskussionsforen und Mailinglisten. F\u00fcr illegale, fehlerhafte oder unvollst\u00e4ndige Inhalte und insbesondere f\u00fcr Sch\u00e4den, die aus der Nutzung oder Nichtnutzung solcherart dargebotener Informationen entstehen, haftet allein der Anbieter der Seite, auf welche verwiesen wurde, nicht derjenige, der \u00fcber Links auf die jeweilige Ver\u00f6ffentlichung lediglich verweist.&nbsp;<br><br><strong>3. Urheber- und Kennzeichenrecht<\/strong>&nbsp;<br><br>Der Autor ist bestrebt, in allen Publikationen die Urheberrechte der verwendeten Grafiken, Tondokumente, Videosequenzen und Texte zu beachten, von ihm selbst erstellte Grafiken, Tondokumente, Videosequenzen und Texte zu nutzen oder auf lizenzfreie Grafiken, Tondokumente, Videosequenzen und Texte zur\u00fcckzugreifen.&nbsp;<br>Alle innerhalb des Internetangebotes genannten und ggf. durch Dritte gesch\u00fctzten Marken- und Warenzeichen unterliegen uneingeschr\u00e4nkt den Bestimmungen des jeweils g\u00fcltigen Kennzeichenrechts und den Besitzrechten der jeweiligen eingetragenen Eigent\u00fcmer. Allein aufgrund der blo\u00dfen Nennung ist nicht der Schluss zu ziehen, dass Markenzeichen nicht durch Rechte Dritter gesch\u00fctzt sind!&nbsp;<br><br>Das Copyright f\u00fcr ver\u00f6ffentlichte, vom Autor selbst erstellte Objekte bleibt allein beim Autor der Seiten. Eine Vervielf\u00e4ltigung oder Verwendung solcher Grafiken, Tondokumente, Videosequenzen und Texte in anderen elektronischen oder gedruckten Publikationen ist ohne ausdr\u00fcckliche Zustimmung des Autors nicht gestattet.&nbsp;<br><br><strong>4. Datenschutz<\/strong>&nbsp;<br><br>Sofern innerhalb des Internetangebotes die M\u00f6glichkeit zur Eingabe pers\u00f6nlicher oder gesch\u00e4ftlicher Daten (Emailadressen, Namen, Anschriften) besteht, so erfolgt die Preisgabe dieser Daten seitens des Nutzers auf ausdr\u00fccklich freiwilliger Basis. Die Inanspruchnahme und Bezahlung aller angebotenen Dienste ist &#8211; soweit technisch m\u00f6glich und zumutbar &#8211; auch ohne Angabe solcher Daten bzw. unter Angabe anonymisierter Daten oder eines Pseudonyms gestattet.&nbsp;<br><br><strong>5. Rechtswirksamkeit dieses Haftungsausschlusses<\/strong>&nbsp;<br><br>Dieser Haftungsausschluss ist als Teil des Internetangebotes zu betrachten, von dem aus auf diese Seite verwiesen wurde. Sofern Teile oder einzelne Formulierungen dieses Textes der geltenden Rechtslage nicht, nicht mehr oder nicht vollst\u00e4ndig entsprechen sollten, bleiben die \u00fcbrigen Teile des Dokumentes in ihrem Inhalt und ihrer G\u00fcltigkeit davon unber\u00fchrt.&nbsp;<br><br>Die Inhalte externer Links werden von uns nicht gepr\u00fcft. Sie unterliegen der Haftung der jeweiligen Anbieter.&nbsp;<br><br>Rechtliche Informationen auf dieser Website&nbsp;<br><br>Die Inhalte dieser Website werden mit gr\u00f6\u00dftm\u00f6glicher Sorgfalt recherchiert. Gleichwohl \u00fcbernimmt der Anbieter keine Haftung f\u00fcr die Richtigkeit, Vollst\u00e4ndigkeit und Aktualit\u00e4t der bereit gestellten Informationen. Insbesondere sind die Informationen allgemeiner Art.&nbsp;<br><br>Urheberrechtshinweise&nbsp;<br><br>Alle auf dieser Website ver\u00f6ffentlichten Beitr\u00e4ge und Abbildungen sind urheberrechtlich gesch\u00fctzt. Jede vom Urheberrechtsgesetz nicht zugelassene Verwertung bedarf vorheriger schriftlicher Zustimmung der Anbieter. Dies gilt insbesondere f\u00fcr Vervielf\u00e4ltigung, Bearbeitung, \u00dcbersetzung, Einspeicherung, Verarbeitung bzw. Wiedergabe von Inhalten in Datenbanken oder anderen elektronischen Medien und Systemen.&nbsp;<br><br><strong>6. Kommunikation \u00fcber E-Mail<\/strong>&nbsp;<br><br>Kommunikation via E-Mail kann Sicherheitsl\u00fccken aufweisen. Beispielsweise k\u00f6nnen E-Mails auf ihrem Weg an die Mitarbeiter unserer Firma von versierten Internet-Nutzern aufgehalten und eingesehen werden. Sollten wir eine E-Mail von Ihnen erhalten, so gehen wir davon aus, dass wir zu einer Beantwortung per E-Mail berechtigt sind. Ansonsten m\u00fcssen Sie ausdr\u00fccklich auf eine andere Art der Kommunikation verweisen.&nbsp;<\/p><\/div><\/div>\n","protected":false},"excerpt":{"rendered":"<p>Postanschrift :&nbsp;Schreinerei W\u00fcrmseherStefanweg 1&nbsp;86647 Buttenwiesen\/Pfaffenhofen Telefon :&nbsp;+49 (0) 8274 -92 89 69 3&nbsp;Telefax :&nbsp;+49 (0) 8274 -9 28 61 7E-Mail :&nbsp;info(at)schreinerei-wuermseher.deInternet: www.schreinerei-wuermseher.de&nbsp;Gesch\u00e4ftsf\u00fchrer: Georg W\u00fcrmseherUSt. ID. DE 212000318 DV- Verantwortlicher f\u00fcr diese Internetseite : Georg W\u00fcrmseher&nbsp;Hinweis auf externe Links Haftungsausschluss nach <a class=\"more-link\" href=\"https:\/\/schreinerei-wuermseher.de\/?page_id=37\">weiterlesen&#8230;<\/a><\/p>\n","protected":false},"author":1,"featured_media":0,"parent":0,"menu_order":0,"comment_status":"closed","ping_status":"closed","template":"","meta":{"advgb_blocks_editor_width":"","advgb_blocks_columns_visual_guide":"","_themeisle_gutenberg_block_has_review":false,"footnotes":""},"class_list":["post-37","page","type-page","status-publish","hentry"],"coauthors":[],"author_meta":{"author_link":"https:\/\/schreinerei-wuermseher.de\/?author=1","display_name":"admin"},"relative_dates":{"created":"Posted 4\u00a0Jahren ago","modified":"Updated 1\u00a0Jahr ago"},"absolute_dates":{"created":"Posted on Februar 15, 2022","modified":"Updated on M\u00e4rz 20, 2025"},"absolute_dates_time":{"created":"Posted on Februar 15, 2022 10:33 a.m.","modified":"Updated on M\u00e4rz 20, 2025 2:31 p.m."},"featured_img_caption":"","featured_img":false,"series_order":"","_links":{"self":[{"href":"https:\/\/schreinerei-wuermseher.de\/index.php?rest_route=\/wp\/v2\/pages\/37","targetHints":{"allow":["GET"]}}],"collection":[{"href":"https:\/\/schreinerei-wuermseher.de\/index.php?rest_route=\/wp\/v2\/pages"}],"about":[{"href":"https:\/\/schreinerei-wuermseher.de\/index.php?rest_route=\/wp\/v2\/types\/page"}],"author":[{"embeddable":true,"href":"https:\/\/schreinerei-wuermseher.de\/index.php?rest_route=\/wp\/v2\/users\/1"}],"replies":[{"embeddable":true,"href":"https:\/\/schreinerei-wuermseher.de\/index.php?rest_route=%2Fwp%2Fv2%2Fcomments&post=37"}],"version-history":[{"count":3,"href":"https:\/\/schreinerei-wuermseher.de\/index.php?rest_route=\/wp\/v2\/pages\/37\/revisions"}],"predecessor-version":[{"id":346,"href":"https:\/\/schreinerei-wuermseher.de\/index.php?rest_route=\/wp\/v2\/pages\/37\/revisions\/346"}],"wp:attachment":[{"href":"https:\/\/schreinerei-wuermseher.de\/index.php?rest_route=%2Fwp%2Fv2%2Fmedia&parent=37"}],"curies":[{"name":"wp","href":"https:\/\/api.w.org\/{rel}","templated":true}]}}