{"id":233,"date":"2022-05-19T08:39:24","date_gmt":"2022-05-19T08:39:24","guid":{"rendered":"https:\/\/web1.xn--schreinerei-wrmseher-1ec.de\/?page_id=233"},"modified":"2024-01-23T22:19:16","modified_gmt":"2024-01-23T22:19:16","slug":"bad-3","status":"publish","type":"page","link":"https:\/\/schreinerei-wuermseher.de\/","title":{"rendered":"START"},"content":{"rendered":"\n<h1 class=\"kt-adv-heading233_804e73-d6 wp-block-kadence-advancedheading has-black-color has-text-color\" data-kb-block=\"kb-adv-heading233_804e73-d6\"><strong><o-anim-typing>Schreinerei W\u00fcrmseher: Holz erleben<\/o-anim-typing><\/strong><\/h1>\n\n\n\n<div class=\"wp-block-columns is-layout-flex wp-container-core-columns-is-layout-9d6595d7 wp-block-columns-is-layout-flex\">\n<div class=\"wp-block-column is-vertically-aligned-center is-layout-flow wp-block-column-is-layout-flow\">\n<h2 class=\"kt-adv-heading233_afc334-3e wp-block-kadence-advancedheading has-black-color has-text-color has-white-background-color has-background\" data-kb-block=\"kb-adv-heading233_afc334-3e\"><strong>Die Schreinerei in Ihrer N\u00e4he im Raum Dillingen \u2013 Donauw\u00f6rth \u2013 Augsburg<\/strong><\/h2>\n\n\n\n<h2 class=\"kt-adv-heading233_c24a59-2e wp-block-kadence-advancedheading has-black-color has-text-color has-white-background-color has-background\" data-kb-block=\"kb-adv-heading233_c24a59-2e\">Sie m\u00f6chten Ihren individuellen Stil in Ihre Wohnung, Ihr Haus oder Unternehmen einbringen? Sie legen Wert auf ausgefeilte L\u00f6sungen, handwerklich perfekt umgesetzt? Ob klassisch, modern oder traditionell: Mit uns k\u00f6nnen Sie Ihren pers\u00f6nlichen Wohn- und Lebensstil verwirklichen<\/h2>\n\n\n\n<h2 class=\"kt-adv-heading274_c02a08-de animated zoomIn wp-block-kadence-advancedheading has-black-color has-text-color\" data-kb-block=\"kb-adv-heading274_c02a08-de\"><strong>Schuhschrank \u2013 Vitrine \u2013 TV-Board \u2013 Hauswirtschaftsraum \u2013 Raumteiler \u2013 u.v.m.<\/strong><\/h2>\n<\/div>\n<\/div>\n\n\n\n<div class=\"wp-block-columns is-layout-flex wp-container-core-columns-is-layout-9d6595d7 wp-block-columns-is-layout-flex\">\n<div class=\"wp-block-column is-layout-flow wp-block-column-is-layout-flow\">\n<div class=\"wp-block-advgb-image advgb-image-block full-width advgb-lightbox advgb-img-e6bf99ab-bd10-4fee-8ebc-982bec18b224\" style=\"background-image:url(https:\/\/schreinerei-wuermseher.de\/wp-content\/uploads\/2022\/05\/beratung_moebel.jpg);background-position:50% 50%;height:300px;width:500px;justify-content:center;align-items:center\" data-image=\"https:\/\/schreinerei-wuermseher.de\/wp-content\/uploads\/2022\/05\/beratung_moebel.jpg\"><a class=\"advgb-image-overlay\" style=\"background-color:#000\" target=\"_blank\" rel=\"noopener noreferrer\"><\/a><\/div>\n<\/div>\n\n\n\n<div class=\"wp-block-column is-vertically-aligned-center is-layout-flow wp-block-column-is-layout-flow\">\n<h2 class=\"kt-adv-heading233_7dde6a-29 wp-block-kadence-advancedheading has-black-color has-text-color\" data-kb-block=\"kb-adv-heading233_7dde6a-29\"><strong><strong>Ihr Wunschm\u00f6bel: von der Idee zum Unikat<\/strong><\/strong><\/h2>\n\n\n\n<h3 class=\"kt-adv-heading233_f3e291-b3 wp-block-kadence-advancedheading has-black-color has-text-color\" data-kb-block=\"kb-adv-heading233_f3e291-b3\"><strong><strong>Beratung<\/strong><\/strong><\/h3>\n\n\n\n<h3 class=\"kt-adv-heading233_64db40-d0 wp-block-kadence-advancedheading has-black-color has-text-color\" data-kb-block=\"kb-adv-heading233_64db40-d0\">Wir beraten Sie umfassend unter Ber\u00fccksichtigung von Farben und Formen, Optik, Haptik und Funktionalit\u00e4t. Gemeinsam mit Ihnen w\u00e4hlen wir aus der Vielfalt an Massivh\u00f6lzern, Plattenmaterialien und Furnieren das Beste f\u00fcr Ihr M\u00f6bel aus.&nbsp;Neben der Holzauswahl und den Einbaum\u00f6glichkeiten sind auch Licht und Technik wesentliche Bestandteile in der Konzeption und werden auch komplett mit integriert.<br><br><\/h3>\n<\/div>\n<\/div>\n\n\n\n<div class=\"wp-block-columns is-layout-flex wp-container-core-columns-is-layout-9d6595d7 wp-block-columns-is-layout-flex\">\n<div class=\"wp-block-column is-layout-flow wp-block-column-is-layout-flow\" style=\"flex-basis:100%\">\n<div class=\"wp-block-group\"><div class=\"wp-block-group__inner-container is-layout-flow wp-block-group-is-layout-flow\">\n<div class=\"wp-block-group\"><div class=\"wp-block-group__inner-container is-layout-flow wp-block-group-is-layout-flow\">\n<div class=\"wp-block-columns is-layout-flex wp-container-core-columns-is-layout-9d6595d7 wp-block-columns-is-layout-flex\">\n<div class=\"wp-block-column is-vertically-aligned-center is-layout-flow wp-block-column-is-layout-flow\">\n<h3 class=\"kt-adv-heading233_efc119-7f wp-block-kadence-advancedheading has-black-color has-text-color\" data-kb-block=\"kb-adv-heading233_efc119-7f\"><strong><strong>CAD-Planung<\/strong><\/strong><\/h3>\n\n\n\n<h2 class=\"kt-adv-heading233_2c0c81-69 wp-block-kadence-advancedheading has-black-color has-text-color\" data-kb-block=\"kb-adv-heading233_2c0c81-69\">Bei uns wissen Sie schon vor der Anfertigung Ihrer M\u00f6belst\u00fccke genau, wie diese aussehen werden. Wir nutzen modernste Technik zur 3D-Darstellung Ihrer Einbausituation, bevor wir mit der Fertigung beginnen: Per CAD-Visualisierung k\u00f6nnen Sie Ihr Wunschm\u00f6bel en Detail nahezu fotoreal im eingebauten Zustand vorab sehen.<\/h2>\n<\/div>\n<\/div>\n<\/div><\/div>\n<\/div><\/div>\n<\/div>\n<\/div>\n\n\n\n<div class=\"wp-block-group\"><div class=\"wp-block-group__inner-container is-layout-flow wp-block-group-is-layout-flow\">\n<div class=\"wp-block-columns is-layout-flex wp-container-core-columns-is-layout-9d6595d7 wp-block-columns-is-layout-flex\">\n<div class=\"wp-block-column is-layout-flow wp-block-column-is-layout-flow\">\n<div class=\"wp-block-advgb-image advgb-image-block full-width advgb-lightbox advgb-img-e6a8193c-26e5-4836-bf5b-a5c45eb86f9b\" style=\"background-image:url(https:\/\/schreinerei-wuermseher.de\/wp-content\/uploads\/2022\/05\/12_11.jpg);background-position:50% 50%;height:300px;width:500px;justify-content:center;align-items:center\" data-image=\"https:\/\/schreinerei-wuermseher.de\/wp-content\/uploads\/2022\/05\/12_11.jpg\"><a class=\"advgb-image-overlay\" style=\"background-color:#000\" target=\"_blank\" rel=\"noopener noreferrer\"><\/a><\/div>\n<\/div>\n<\/div>\n<\/div><\/div>\n\n\n\n<h3 class=\"kt-adv-heading233_14cbb6-79 wp-block-kadence-advancedheading has-black-color has-text-color\" data-kb-block=\"kb-adv-heading233_14cbb6-79\"><strong>Fertigung und Veredelung<\/strong><\/h3>\n\n\n\n<span class=\"kt-adv-heading233_1a8fbd-21 wp-block-kadence-advancedheading\" data-kb-block=\"kb-adv-heading233_1a8fbd-21\">Wir fertigen im Haus und bieten Ihnen eine Vielfalt an Oberfl\u00e4chen-veredelungen an: Ob ge\u00f6lt, unbehandelt oder lackiert \u2013 in allen RAL- und NCS-T\u00f6nen) \u2013 oder in der Kombination mit anderen Werkstoffen wie Glas, Edelstahl, Leder und Stoffen. Selbst Digitaldrucke auf Glas, Designplatten in Beton-, Rost- oder Steinoptik integrieren wir in Ihre exklusiven M\u00f6bel. Gerne beraten wir Sie zu den vielf\u00e4ltigen M\u00f6glichkeiten f\u00fcr jedes Budget!<\/span>\n\n\n\n<div class=\"wp-block-group\"><div class=\"wp-block-group__inner-container is-layout-flow wp-block-group-is-layout-flow\">\n<div class=\"wp-block-columns is-layout-flex wp-container-core-columns-is-layout-9d6595d7 wp-block-columns-is-layout-flex\">\n<div class=\"wp-block-column is-layout-flow wp-block-column-is-layout-flow\"><\/div>\n<\/div>\n<\/div><\/div>\n\n\n\n<span class=\"kt-adv-heading233_311e26-25 wp-block-kadence-advancedheading\" data-kb-block=\"kb-adv-heading233_311e26-25\"><strong>Sie m\u00f6chten individuelle M\u00f6bel, wunschgefertigt nach Ma\u00df?<\/strong><\/span>\n\n\n\n<span class=\"kt-adv-heading233_a51bb0-f4 wp-block-kadence-advancedheading\" data-kb-block=\"kb-adv-heading233_a51bb0-f4\">Vereinbaren Sie einen Termin: Im pers\u00f6nlichen Gespr\u00e4ch k\u00f6nnen wir mehr \u00fcber Ihre genauen W\u00fcnsche und Bed\u00fcrfnisse erfahren und Sie umfassend beraten \u2013 gern auch bei Ihnen zu Hause.<\/span>\n\n\n\n<hr class=\"wp-block-separator has-text-color has-black-color has-alpha-channel-opacity has-black-background-color has-background is-style-wide\"\/>\n\n\n\n<h2 class=\"kt-adv-heading233_b8649e-88 wp-block-kadence-advancedheading has-black-color has-text-color\" data-kb-block=\"kb-adv-heading233_b8649e-88\">Kontaktieren Sie uns!<\/h2>\n\n\n\n<h2 class=\"kt-adv-heading233_6dd388-fd wp-block-kadence-advancedheading\" data-kb-block=\"kb-adv-heading233_6dd388-fd\">Tel. +49 (0) 8274 -92 89 69 3&nbsp; oder einfach per email:<a href=\"https:\/\/schreinerei-wuermseher.de\/?page_id=250\"> HIER KLICKEN<\/a><\/h2>\n\n\n\n<hr class=\"wp-block-separator has-text-color has-black-color has-alpha-channel-opacity has-black-background-color has-background is-style-wide\"\/>\n<style class=\"advgb-styles-renderer\">.wp-block-kadence-advancedheading.kt-adv-heading233_804e73-d6, .wp-block-kadence-advancedheading.kt-adv-heading233_804e73-d6[data-kb-block=\"kb-adv-heading233_804e73-d6\"]{padding-top:-20px;padding-bottom:0px;padding-left:10px;font-size:24px;font-style:normal;}.wp-block-kadence-advancedheading.kt-adv-heading233_804e73-d6 mark.kt-highlight, .wp-block-kadence-advancedheading.kt-adv-heading233_804e73-d6[data-kb-block=\"kb-adv-heading233_804e73-d6\"] mark.kt-highlight{font-style:normal;color:#f76a0c;-webkit-box-decoration-break:clone;box-decoration-break:clone;padding-top:0px;padding-right:0px;padding-bottom:0px;padding-left:0px;}.wp-block-kadence-advancedheading.kt-adv-heading233_afc334-3e, .wp-block-kadence-advancedheading.kt-adv-heading233_afc334-3e[data-kb-block=\"kb-adv-heading233_afc334-3e\"]{padding-top:10px;padding-right:10px;padding-bottom:10px;padding-left:10px;font-size:20px;font-style:normal;}.wp-block-kadence-advancedheading.kt-adv-heading233_afc334-3e mark.kt-highlight, .wp-block-kadence-advancedheading.kt-adv-heading233_afc334-3e[data-kb-block=\"kb-adv-heading233_afc334-3e\"] mark.kt-highlight{font-style:normal;color:#f76a0c;-webkit-box-decoration-break:clone;box-decoration-break:clone;padding-top:0px;padding-right:0px;padding-bottom:0px;padding-left:0px;}.wp-block-kadence-advancedheading.kt-adv-heading233_c24a59-2e, .wp-block-kadence-advancedheading.kt-adv-heading233_c24a59-2e[data-kb-block=\"kb-adv-heading233_c24a59-2e\"]{padding-top:10px;padding-right:10px;padding-bottom:20px;padding-left:10px;font-size:15px;line-height:20px;font-style:normal;}.wp-block-kadence-advancedheading.kt-adv-heading233_c24a59-2e mark.kt-highlight, .wp-block-kadence-advancedheading.kt-adv-heading233_c24a59-2e[data-kb-block=\"kb-adv-heading233_c24a59-2e\"] mark.kt-highlight{font-style:normal;color:#f76a0c;-webkit-box-decoration-break:clone;box-decoration-break:clone;padding-top:0px;padding-right:0px;padding-bottom:0px;padding-left:0px;}.wp-block-kadence-advancedheading.kt-adv-heading274_c02a08-de, .wp-block-kadence-advancedheading.kt-adv-heading274_c02a08-de[data-kb-block=\"kb-adv-heading274_c02a08-de\"]{margin-left:0px;font-size:18px;font-style:normal;background-color:#f07f01;}.wp-block-kadence-advancedheading.kt-adv-heading274_c02a08-de mark.kt-highlight, .wp-block-kadence-advancedheading.kt-adv-heading274_c02a08-de[data-kb-block=\"kb-adv-heading274_c02a08-de\"] mark.kt-highlight{font-size:6px;line-height:5px;font-style:normal;color:#f76a0c;-webkit-box-decoration-break:clone;box-decoration-break:clone;padding-top:0px;padding-right:0px;padding-bottom:0px;padding-left:0px;}.advgb-img-e6bf99ab-bd10-4fee-8ebc-982bec18b224.advgb-image-block .advgb-image-overlay{opacity:0.4 !important;}.advgb-img-e6bf99ab-bd10-4fee-8ebc-982bec18b224.advgb-image-block:hover .advgb-image-overlay{opacity:0.2 !important;}.advgb-img-e6bf99ab-bd10-4fee-8ebc-982bec18b224.advgb-image-block .advgb-image-overlay{opacity:0.4 !important;}.advgb-img-e6bf99ab-bd10-4fee-8ebc-982bec18b224.advgb-image-block:hover .advgb-image-overlay{opacity:0.2 !important;}.wp-block-kadence-advancedheading.kt-adv-heading233_7dde6a-29, .wp-block-kadence-advancedheading.kt-adv-heading233_7dde6a-29[data-kb-block=\"kb-adv-heading233_7dde6a-29\"]{padding-bottom:25px;padding-left:30px;font-size:20px;font-style:normal;}.wp-block-kadence-advancedheading.kt-adv-heading233_7dde6a-29 mark.kt-highlight, .wp-block-kadence-advancedheading.kt-adv-heading233_7dde6a-29[data-kb-block=\"kb-adv-heading233_7dde6a-29\"] mark.kt-highlight{font-style:normal;color:#f76a0c;-webkit-box-decoration-break:clone;box-decoration-break:clone;padding-top:0px;padding-right:0px;padding-bottom:0px;padding-left:0px;}.wp-block-kadence-advancedheading.kt-adv-heading233_f3e291-b3, .wp-block-kadence-advancedheading.kt-adv-heading233_f3e291-b3[data-kb-block=\"kb-adv-heading233_f3e291-b3\"]{padding-bottom:10px;padding-left:30px;font-size:18px;line-height:5px;font-style:normal;}.wp-block-kadence-advancedheading.kt-adv-heading233_f3e291-b3 mark.kt-highlight, .wp-block-kadence-advancedheading.kt-adv-heading233_f3e291-b3[data-kb-block=\"kb-adv-heading233_f3e291-b3\"] mark.kt-highlight{font-style:normal;color:#f76a0c;-webkit-box-decoration-break:clone;box-decoration-break:clone;padding-top:0px;padding-right:0px;padding-bottom:0px;padding-left:0px;}.wp-block-kadence-advancedheading.kt-adv-heading233_64db40-d0, .wp-block-kadence-advancedheading.kt-adv-heading233_64db40-d0[data-kb-block=\"kb-adv-heading233_64db40-d0\"]{padding-bottom:30px;padding-left:30px;font-size:15px;font-style:normal;}.wp-block-kadence-advancedheading.kt-adv-heading233_64db40-d0 mark.kt-highlight, .wp-block-kadence-advancedheading.kt-adv-heading233_64db40-d0[data-kb-block=\"kb-adv-heading233_64db40-d0\"] mark.kt-highlight{font-style:normal;color:#f76a0c;-webkit-box-decoration-break:clone;box-decoration-break:clone;padding-top:0px;padding-right:0px;padding-bottom:0px;padding-left:0px;}.advgb-img-e6bf99ab-bd10-4fee-8ebc-982bec18b224.advgb-image-block .advgb-image-overlay{opacity:0.4 !important;}.advgb-img-e6bf99ab-bd10-4fee-8ebc-982bec18b224.advgb-image-block:hover .advgb-image-overlay{opacity:0.2 !important;}.wp-block-kadence-advancedheading.kt-adv-heading233_efc119-7f, .wp-block-kadence-advancedheading.kt-adv-heading233_efc119-7f[data-kb-block=\"kb-adv-heading233_efc119-7f\"]{font-size:20px;font-style:normal;}.wp-block-kadence-advancedheading.kt-adv-heading233_efc119-7f mark.kt-highlight, .wp-block-kadence-advancedheading.kt-adv-heading233_efc119-7f[data-kb-block=\"kb-adv-heading233_efc119-7f\"] mark.kt-highlight{font-style:normal;color:#f76a0c;-webkit-box-decoration-break:clone;box-decoration-break:clone;padding-top:0px;padding-right:0px;padding-bottom:0px;padding-left:0px;}.wp-block-kadence-advancedheading.kt-adv-heading233_2c0c81-69, .wp-block-kadence-advancedheading.kt-adv-heading233_2c0c81-69[data-kb-block=\"kb-adv-heading233_2c0c81-69\"]{margin-bottom:-20px;font-size:15px;font-style:normal;}.wp-block-kadence-advancedheading.kt-adv-heading233_2c0c81-69 mark.kt-highlight, .wp-block-kadence-advancedheading.kt-adv-heading233_2c0c81-69[data-kb-block=\"kb-adv-heading233_2c0c81-69\"] mark.kt-highlight{font-style:normal;color:#f76a0c;-webkit-box-decoration-break:clone;box-decoration-break:clone;padding-top:0px;padding-right:0px;padding-bottom:0px;padding-left:0px;}.advgb-img-e6a8193c-26e5-4836-bf5b-a5c45eb86f9b.advgb-image-block .advgb-image-overlay{opacity:0.4 !important;}.advgb-img-e6a8193c-26e5-4836-bf5b-a5c45eb86f9b.advgb-image-block:hover .advgb-image-overlay{opacity:0.2 !important;}.advgb-img-e6a8193c-26e5-4836-bf5b-a5c45eb86f9b.advgb-image-block .advgb-image-overlay{opacity:0.4 !important;}.advgb-img-e6a8193c-26e5-4836-bf5b-a5c45eb86f9b.advgb-image-block:hover .advgb-image-overlay{opacity:0.2 !important;}.advgb-img-e6a8193c-26e5-4836-bf5b-a5c45eb86f9b.advgb-image-block .advgb-image-overlay{opacity:0.4 !important;}.advgb-img-e6a8193c-26e5-4836-bf5b-a5c45eb86f9b.advgb-image-block:hover .advgb-image-overlay{opacity:0.2 !important;}.advgb-img-e6a8193c-26e5-4836-bf5b-a5c45eb86f9b.advgb-image-block .advgb-image-overlay{opacity:0.4 !important;}.advgb-img-e6a8193c-26e5-4836-bf5b-a5c45eb86f9b.advgb-image-block:hover .advgb-image-overlay{opacity:0.2 !important;}.wp-block-kadence-advancedheading.kt-adv-heading233_14cbb6-79, .wp-block-kadence-advancedheading.kt-adv-heading233_14cbb6-79[data-kb-block=\"kb-adv-heading233_14cbb6-79\"]{font-size:20px;font-style:normal;}.wp-block-kadence-advancedheading.kt-adv-heading233_14cbb6-79 mark.kt-highlight, .wp-block-kadence-advancedheading.kt-adv-heading233_14cbb6-79[data-kb-block=\"kb-adv-heading233_14cbb6-79\"] mark.kt-highlight{font-style:normal;color:#f76a0c;-webkit-box-decoration-break:clone;box-decoration-break:clone;padding-top:0px;padding-right:0px;padding-bottom:0px;padding-left:0px;}.wp-block-kadence-advancedheading.kt-adv-heading233_1a8fbd-21, .wp-block-kadence-advancedheading.kt-adv-heading233_1a8fbd-21[data-kb-block=\"kb-adv-heading233_1a8fbd-21\"]{display:block;font-size:15px;font-style:normal;}.wp-block-kadence-advancedheading.kt-adv-heading233_1a8fbd-21 mark.kt-highlight, .wp-block-kadence-advancedheading.kt-adv-heading233_1a8fbd-21[data-kb-block=\"kb-adv-heading233_1a8fbd-21\"] mark.kt-highlight{font-style:normal;color:#f76a0c;-webkit-box-decoration-break:clone;box-decoration-break:clone;padding-top:0px;padding-right:0px;padding-bottom:0px;padding-left:0px;}.wp-block-kadence-advancedheading.kt-adv-heading233_311e26-25, .wp-block-kadence-advancedheading.kt-adv-heading233_311e26-25[data-kb-block=\"kb-adv-heading233_311e26-25\"]{display:block;font-size:20px;font-style:normal;}.wp-block-kadence-advancedheading.kt-adv-heading233_311e26-25 mark.kt-highlight, .wp-block-kadence-advancedheading.kt-adv-heading233_311e26-25[data-kb-block=\"kb-adv-heading233_311e26-25\"] mark.kt-highlight{font-style:normal;color:#f76a0c;-webkit-box-decoration-break:clone;box-decoration-break:clone;padding-top:0px;padding-right:0px;padding-bottom:0px;padding-left:0px;}.wp-block-kadence-advancedheading.kt-adv-heading233_a51bb0-f4, .wp-block-kadence-advancedheading.kt-adv-heading233_a51bb0-f4[data-kb-block=\"kb-adv-heading233_a51bb0-f4\"]{display:block;font-style:normal;}.wp-block-kadence-advancedheading.kt-adv-heading233_a51bb0-f4 mark.kt-highlight, .wp-block-kadence-advancedheading.kt-adv-heading233_a51bb0-f4[data-kb-block=\"kb-adv-heading233_a51bb0-f4\"] mark.kt-highlight{font-style:normal;color:#f76a0c;-webkit-box-decoration-break:clone;box-decoration-break:clone;padding-top:0px;padding-right:0px;padding-bottom:0px;padding-left:0px;}.wp-block-kadence-advancedheading.kt-adv-heading233_b8649e-88, .wp-block-kadence-advancedheading.kt-adv-heading233_b8649e-88[data-kb-block=\"kb-adv-heading233_b8649e-88\"]{font-style:normal;}.wp-block-kadence-advancedheading.kt-adv-heading233_b8649e-88 mark.kt-highlight, .wp-block-kadence-advancedheading.kt-adv-heading233_b8649e-88[data-kb-block=\"kb-adv-heading233_b8649e-88\"] mark.kt-highlight{font-style:normal;color:#f76a0c;-webkit-box-decoration-break:clone;box-decoration-break:clone;padding-top:0px;padding-right:0px;padding-bottom:0px;padding-left:0px;}.wp-block-kadence-advancedheading.kt-adv-heading233_6dd388-fd, .wp-block-kadence-advancedheading.kt-adv-heading233_6dd388-fd[data-kb-block=\"kb-adv-heading233_6dd388-fd\"]{font-size:16px;font-style:normal;}.wp-block-kadence-advancedheading.kt-adv-heading233_6dd388-fd mark.kt-highlight, .wp-block-kadence-advancedheading.kt-adv-heading233_6dd388-fd[data-kb-block=\"kb-adv-heading233_6dd388-fd\"] mark.kt-highlight{font-style:normal;color:#f76a0c;-webkit-box-decoration-break:clone;box-decoration-break:clone;padding-top:0px;padding-right:0px;padding-bottom:0px;padding-left:0px;}<\/style>","protected":false},"excerpt":{"rendered":"<p>Schreinerei W\u00fcrmseher: Holz erleben Die Schreinerei in Ihrer N\u00e4he im Raum Dillingen \u2013 Donauw\u00f6rth \u2013 Augsburg Sie m\u00f6chten Ihren individuellen Stil in Ihre Wohnung, Ihr Haus oder Unternehmen einbringen? Sie legen Wert auf ausgefeilte L\u00f6sungen, handwerklich perfekt umgesetzt? Ob klassisch, <a class=\"more-link\" href=\"https:\/\/schreinerei-wuermseher.de\/\">weiterlesen&#8230;<\/a><\/p>\n","protected":false},"author":1,"featured_media":0,"parent":0,"menu_order":0,"comment_status":"closed","ping_status":"closed","template":"","meta":{"advgb_blocks_editor_width":"","advgb_blocks_columns_visual_guide":"","_themeisle_gutenberg_block_has_review":false,"footnotes":""},"class_list":["post-233","page","type-page","status-publish","hentry"],"coauthors":[],"author_meta":{"author_link":"https:\/\/schreinerei-wuermseher.de\/?author=1","display_name":"admin"},"relative_dates":{"created":"Posted 4\u00a0Jahren ago","modified":"Updated 2\u00a0Jahren ago"},"absolute_dates":{"created":"Posted on Mai 19, 2022","modified":"Updated on Januar 23, 2024"},"absolute_dates_time":{"created":"Posted on Mai 19, 2022 8:39 a.m.","modified":"Updated on Januar 23, 2024 10:19 p.m."},"featured_img_caption":"","featured_img":false,"series_order":"","_links":{"self":[{"href":"https:\/\/schreinerei-wuermseher.de\/index.php?rest_route=\/wp\/v2\/pages\/233","targetHints":{"allow":["GET"]}}],"collection":[{"href":"https:\/\/schreinerei-wuermseher.de\/index.php?rest_route=\/wp\/v2\/pages"}],"about":[{"href":"https:\/\/schreinerei-wuermseher.de\/index.php?rest_route=\/wp\/v2\/types\/page"}],"author":[{"embeddable":true,"href":"https:\/\/schreinerei-wuermseher.de\/index.php?rest_route=\/wp\/v2\/users\/1"}],"replies":[{"embeddable":true,"href":"https:\/\/schreinerei-wuermseher.de\/index.php?rest_route=%2Fwp%2Fv2%2Fcomments&post=233"}],"version-history":[{"count":16,"href":"https:\/\/schreinerei-wuermseher.de\/index.php?rest_route=\/wp\/v2\/pages\/233\/revisions"}],"predecessor-version":[{"id":343,"href":"https:\/\/schreinerei-wuermseher.de\/index.php?rest_route=\/wp\/v2\/pages\/233\/revisions\/343"}],"wp:attachment":[{"href":"https:\/\/schreinerei-wuermseher.de\/index.php?rest_route=%2Fwp%2Fv2%2Fmedia&parent=233"}],"curies":[{"name":"wp","href":"https:\/\/api.w.org\/{rel}","templated":true}]}}